8bc?
895
In base 13, what is -13405 + -3?
-13408
In base 6, what is 22220 + -143?
22033
In base 6, what is 1 - 11304?
-11303
In base 7, what is -1254 - -342?
-612
In base 16, what is 155 - 1?
154
In base 5, what is 11422412 + -3?
11422404
In base 11, what is 0 + 872?
872
In base 11, what is -6 + 82581?
82576
In base 8, what is -32 + 734?
702
In base 14, what is -200 - -333?
133
In base 4, what is 2 + -1310133?
-1310131
In base 12, what is 256260 - -1?
256261
In base 16, what is -d9f - 7?
-da6
In base 8, what is -17 + -54404?
-54423
In base 5, what is 2040244334 - 2?
2040244332
In base 2, what is -1001 + -100001110?
-100010111
In base 5, what is -30 - -1440024?
1434444
In base 15, what is 16b8 - -114?
17cc
In base 15, what is -10e + -2a?
-139
In base 12, what is 13 + 12b8?
130b
In base 4, what is -1123 + 100131001?
100123212
In base 7, what is 54 - -111441?
111525
In base 6, what is 13 - -130103?
130120
In base 5, what is -134442 + 32?
-134410
In base 5, what is 102 + -4130?
-4023
In base 14, what is 0 - 2002a?
-2002a
In base 15, what is -15 - -2263?
224d
In base 6, what is 3 + 55103?
55110
In base 5, what is 233343 - 1?
233342
In base 3, what is 2110 + -11002220?
-11000110
In base 11, what is -475448 - 4?
-475451
In base 14, what is -5319 - -1?
-5318
In base 16, what is b + 15da?
15e5
In base 6, what is -2244044 + 22?
-2244022
In base 6, what is 132 + -3215?
-3043
In base 11, what is -13 + 25058?
25045
In base 14, what is 1b4 - 82?
132
In base 2, what is -1100110000000111 + -110?
-1100110000001101
In base 5, what is 113003 - -132?
113140
In base 5, what is 13 - 122403?
-122340
In base 10, what is 1231224 - 4?
1231220
In base 12, what is 3 + 2a1145?
2a1148
In base 12, what is -12aa8 - 28?
-12b14
In base 5, what is 402 + 1240133?
1241040
In base 5, what is 201240 + 41?
201331
In base 10, what is -1 - -6718?
6717
In base 14, what is -9 + -c68?
-c73
In base 11, what is 1835 + 67?
18a1
In base 14, what is -2688 + -1?
-2689
In base 2, what is -100000010110 + -11001000100?
-111001011010
In base 11, what is a - 8458a?
-84580
In base 5, what is 143140 + -122?
143013
In base 12, what is -2 + -738?
-73a
In base 3, what is -2022 + 22200001?
22120202
In base 10, what is 2 - 96551?
-96549
In base 3, what is -2120212121 + 1?
-2120212120
In base 12, what is -4 + 2289?
2285
In base 12, what is 406 + 678?
a82
In base 6, what is -5 - -20453351?
20453342
In base 16, what is -4 + 1058?
1054
In base 2, what is -11 - -100111101110111010011?
100111101110111010000
In base 2, what is 101 + 100011011010100?
100011011011001
In base 13, what is 19 - ac6?
-aaa
In base 14, what is 46c9 - -c3?
47ac
In base 15, what is -9 - -2471e?
24715
In base 15, what is 10bc7 - 3?
10bc4
In base 2, what is 1011101011111 - 1110011?
1011011101100
In base 8, what is 122231 + 13?
122244
In base 8, what is 51420 + 64?
51504
In base 14, what is 46a + 1395?
1821
In base 12, what is 3 - -47864?
47867
In base 6, what is -330440212 - -5?
-330440203
In base 9, what is 606417 + -5?
606412
In base 13, what is -28 - 3bc?
-417
In base 12, what is -1136a - -4?
-11366
In base 12, what is -5143 + -59?
-51a0
In base 6, what is -20422 + 5?
-20413
In base 13, what is 2 + b7268?
b726a
In base 9, what is 7701210 + -4?
7701205
In base 8, what is -1016 + 1161?
143
In base 3, what is -1 + -10001222101220?
-10001222101221
In base 6, what is -1414325 - 4?
-1414333
In base 15, what is -e59 + -a?
-e64
In base 6, what is -210 - 4520?
-5130
In base 14, what is -99c + 322?
-67a
In base 8, what is 13 - 222654?
-222641
In base 10, what is -14068 + -4?
-14072
In base 11, what is -2062a4 + 7?
-206298
In base 8, what is 121601 - 157?
121422
In base 5, what is 331313023 - 2?
331313021
In base 8, what is 6 - 11427?
-11421
In base 11, what is 9438 + -231?
9207
In base 7, what is 53 + -403?
-320
In base 13, what is 4 + 22ca1?
22ca5
In base 10, what is 1 + 16918?
16919
In base 11, what is -1 + 262a88?
262a87
In base 3, what is 20201222 + 20?
20202012
In base 10, what is -24 - 3974?
-3998
In base 6, what is -4 + -13211535?
-13211543
In base 4, what is -12110 - -10011?
-2033
In base 16, what is -d + -bb?
-c8
In base 14, what is -8 - -56b?
563
In base 4, what is 2001021 - 13?
2001002
In base 9, what is -17373 - -20?
-17353
In base 16, what is -19 - -61e1?
61c8
In base 16, what is d2 + c1?
193
In base 2, what is 10001 + 1110011010?
1110101011
In base 12, what is 0 + -144b5?
-144b5
In base 4, what is -1012331 - -321?
-1012010
In base 15, what is -2cd + 28b?
-42
In base 7, what is 33 + -140?
-104
In base 2, what is 101 + -100010000111011100?
-100010000111010111
In base 12, what is 24b40 - 0?
24b40
In base 5, what is 2432303 + -22?
2432231
In base 6, what is -5 - 4300325?
-4300334
In base 7, what is -40 - 4146?
-4216
In base 13, what is -118 - -4a?
-9b
In base 4, what is -3 - -1120102122?
1120102113
In base 16, what is 28d33 + -1?
28d32
In base 4, what is -1023 + -33122?
-100211
In base 3, what is -21012002 + -2?
-21012011
In base 2, what is 1100000100000110010 - 101?
1100000100000101101
In base 5, what is -1002 - -341?
-111
In base 2, what is -10 - 1000010010001?
-1000010010011
In base 15, what is -b22 + e?
-b13
In base 4, what is -1 - 132212232?
-132212233
In base 16, what is 12ec9b + -6?
12ec95
In base 4, what is 0 + -120122322?
-120122322
In base 10, what is -2 - -20744?
20742
In base 6, what is 1 + 20512111?
20512112
In base 13, what is 2 - -59416?
59418
In base 12, what is -32a2 + -1b?
-3301
In base 11, what is -11996 - a6?
-11a91
In base 10, what is 3337 + 237?
3574
In base 14, what is 7 - d77?
-d70
In base 8, what is -10 - 5647?
-5657
In base 6, what is -1 + -300110?
-300111
In base 15, what is a + -149e0?
-149d5
In base 7, what is 220604 + 10?
220614
In base 2, what is -1110100001000001 + -1?
-1110100001000010
In base 8, what is 32 + -101623?
-101571
In base 7, what is 4033 - -41?
4104
In base 3, what is -210021010 - 121?
-210021201
In base 7, what is 63 - 40141?
-40045
In base 11, what is 9 - -215?
223
In base 5, what is 34211 + 1121?
40332
In base 8, what is 2 - 1235546?
-1235544
In base 8, what is 446707 + -1?
446706
In base 3, what is -112 + 11111000?
11110111
In base 3, what is 11 - 201201001?
-201200220
In base 6, what is 30 - 2204314?
-2204244
In base 6, what is 12004 + -250?
11314
In base 5, what is -24021 - -203?
-23313
In base 9, what is -388 - 5?
-404
In base 6, what is 5 + 434242?
434251
In base 2, what is 11 + -10100100010001010?
-10100100010000111
In base 6, what is 13115432 + -5?
13115423
In base 13, what is -7a66 + 5?
-7a61
In base 12, what is 26 + 45a7?
4611
In base 16, what is -b - -16e?
163
In base 14, what is -8da1a + 2?
-8da18
In base 11, what is -7743 + -436?
-8079
In base 11, what is -44 - -aa?
66
In base 8, what is 2 - -5010?
5012
In base 5, what is -1201330 - -22?
-1201303
In base 7, what is -126455 - 3?
-126461
In base 13, what is b3 + c?
c2
In base 4, what is -21 - -220302?
220221
In base 3, what is 12122011002 - 10?
12122010222
In base 15, what is 2a4093 - 3?
2a4090
In base 10, what is -1 + 5709?
5708
In base 8, what is 64 - 1610?
-1524
In base 12, what is 21 - -aab2?
ab13
In base 4, what is 113 - -200310?
201023
In base 14, what is 63c2 - -96?
6478
In base 13, what is 5 + 115710?
115715
In base 8, what is 4 + -15160?
-15154
In base 16, what is 1 + -3cbf?
-3cbe
In base 8, what is -1743 + 22?
-1721
In base 15, what is 2e147 + 4?
2e14b
In base 7, what is -311 + -541?
-1152
In base 3, what is 22021122 + -2012?
22012110
In base 10, what is 69 + 62?
131
In base 3, what is 11122120022 + -11?
11122120011
In base 4, what is 331020 + 3?
331023
In base 12, what is -2 + 3bb8a3?
3bb8a1
In base 2, what is 100011110011 - 11101?
100011010110
In base 16, what is 3 + 82b7e?
82b81
In base 9, what is -72208 + -60?
-72268
In base 8, what is 11 - 55770?
-55757
In base 2, what is 100101111110 - -110000?
100110101110
In base 13, what is -5cc - 9a0?
-129c
In base 11, what is 91a58 + 1?
91a59
In base 12, what is 2a89 + -31?
2a58
In base 9, what is 1 - -80606?
80607
In base 11, what is -47271a - -3?
-472717
In base 5, what is -22 - -30304?
30232
In base 5, what is -4 + -1134012?
-1134021
In base 2, what is 1001010011101 + -1111?
1001010001110
In base 13, what is 3 - 9c70?
-9c6a
In base 6, what is 20 + -15205?
-15145
In bas